s + 2. Suppose 0 = -5*c + 5*b - 145, -4*c - 47 = -5*b + 70. Let y = 21 + c. Let d be 1 - (-7)/(y/(-4)). Calculate r(d).
-13
Let s(d) = -3*d + 3. Let b(z) = -7 - 2 + 15*z - 5. Let x(w) = 2*b(w) + 11*s(w). Suppose 4*g + g - 20 = 0. What is x(g)?
-7
Let n(y) = y**2 + 2*y + 2. Suppose 0 = 5*b, -11 = -3*h - 4*b + 4. Suppose -4*s - 3 = 3*q - 4, -37 = h*q - 3*s. What is n(q)?
17
Let c = 5 - 3. Let d(v) be the first derivative of 1/3*v**3 + 0*v + 14 - 1/4*v**4 + 0*v**2. Give d(c).
-4
Suppose 0 = v - 3 - 0. Let g = -3 + v. Let z(k) be the first derivative of k**2/2 - 11*k + 7. What is z(g)?
-11
Let f(p) be the first derivative of 8/3*p**3 + 1/4*p**4 + 11*p + 12 - 4*p**2. Give f(-9).
2
Let j(i) = i**3 - 6*i**2 + 7*i - 5. Let o = 47 - 43. Let y be 18/o*(-40)/(-45). Give j(y).
-9
Let x(a) = a + 4. Let s(t) = 18*t - 219. Let m be s(12). Calculate x(m).
1
Let q = -3 + 3. Let l(h) = 24 - h + 26 - 77 + h**3 + 5. Give l(q).
-22
Let o(u) = u + 23. Suppose 2*c = -c + 3*s + 45, -5*c = 2*s - 47. Give o(c).
34
Suppose -4*g + n + 13 = -g, -n + 17 = 3*g. Suppose 0 = g*c - 54 - 36. Let o(w) = -2 - 5*w - 9*w + c*w + w**2. What is o(-4)?
-2
Let a be (-2)/(-3) + 16/(-6). Let w = -21 - -19. Let n(k) = -k. Let m(o) = -o. Let u(v) = w*n(v) + m(v). Calculate u(a).
-2
Let t(f) be the third derivative of -f**5/60 + f**4/6 + 5*f**3/6 + 277*f**2. Let b = 11 + -6. Give t(b).
0
Let y(k) = -2*k - 1. Let v = 14 + -12. Suppose -3*r - v = 7. Calculate y(r).
5
Let b = -122 - -128. Let a(s) = 3*s + 1. Calculate a(b).
19
Let v be 15/6 - (-6)/(-12). Let w(j) = -v - 4*j + 7*j**2 - 9*j**2 + 0*j**2. Determine w(-2).
-2
Suppose 0 = 2*k + 1 + 5. Suppose -4*h + h + 6 = 0. Let q(m) = 0*m**2 + 3 + 0*m**h + m**2 - 2*m + 7*m. Give q(k).
-3
Suppose -3*p - 16 = -6*p + 2*m, 30 = 5*p - 5*m. Suppose -p*x - j = -19, -x + 2 = x - 2*j. Let k(g) = 1 + 250*g**2 - 249*g**2 - 5*g + 0. Calculate k(x).
-3
Suppose -h - 19 = -4*p, 0 = p + p - 8. Let z(f) = 2*f**3 + 3*f**2 - 4*f + 1. Calculate z(h).
-14
Let u(i) be the first derivative of i**2/2 + 124. Give u(-2).
-2
Let q(p) = -7*p**2 - 3*p - 7*p**3 - 15 + 6 - p**3 + 7*p**3. Determine q(-7).
12
Let w(u) = -3*u - 9. Let r(x) = x + 1. Let l(z) = 2*r(z) + w(z). Let y be l(-3). Let m(g) = 4*g**2 + 7*g + 5 - 3*g + 2*g**3 - g**3 - 2*g. What is m(y)?
-3
Let k(d) = 12 + 4*d**2 + 2*d**2 - 3*d**2 + 7*d - 13 - 3*d. Determine k(-4).
31
Suppose 0 = 4*y + 17 + 51. Let m = y - -47. Let z = 34 - m. Let h(f) = -f**3 + 4*f**2 - f + 3. Give h(z).
-1
Let d(m) = -m**3 + 4*m**2 + 2*m + 6. Suppose -26*g + 66 = -23*g. Suppose 0 = 4*s - y - g, 23 = 4*s - 5*y - 7. What is d(s)?
-9
Let m(r) = -r**2 + r + 4. Let p(o) be the second derivative of -o**4/6 + o**3/6 + 3*o**2 + 17*o. Let v(j) = -3*m(j) + 2*p(j). Give v(-4).
-12
Let v(w) = -12*w**2 + 4*w**2 - 15*w + 17*w - 4*w. What is v(-2)?
-28
Let p = 1025 + -1029. Let a(t) = t**3 + 2*t**2 - 7*t - 2. Give a(p).
-6
Let y(a) be the first derivative of a**2/2 + 3*a - 232. Give y(-14).
-11
Suppose -6*a + 8 = -5*a. Let d(c) = -c**2 + 7*c + 4. Let n be d(a). Let f(b) = -1 + 2*b - 5*b**2 + 10*b**2 - 4*b**2 - 2. Give f(n).
5
Suppose 0 = 4*z + 8, -t = z - 0 + 2. Let y(x) = x**3 + x - 38. Give y(t).
-38
Let c(h) = -4 - 11 - h**2 - 9 - 11*h + 30. Determine c(-9).
24
Let j be 22 - 5 - 3/3. Let r(c) = -15 + c - j + 62 - 19. Calculate r(-6).
6
Let o(d) = 1 - 4*d + 6*d + 4*d. Let n(q) = -19 + 4*q + 3*q + 6*q - 6*q. Let y be n(3). Give o(y).
13
Let m(l) = 7*l + 0*l**2 - 12 + 4*l**2 - 5*l**2 + 9. Let i be m(6). Let k(s) = s - 4. Calculate k(i).
-1
Let z be (-25)/5*(-78)/(-65) - 3. Let g(w) = 1 - 2 + 4 + w. Calculate g(z).
-6
Let v be (-357)/49 + (-6)/(-21). Let g(d) = 4*d + 5. Give g(v).
-23
Let x(f) be the third derivative of -f**6/120 - f**5/10 - f**4/6 - 3*f**3 + 638*f**2. Determine x(-6).
6
Let n(b) = 4*b + 12. Let w(g) = -8*g - 22. Let j(y) = -11*n(y) - 6*w(y). What is j(1)?
4
Let t(c) be the third derivative of -c**7/2520 - c**6/720 - c**5/24 + c**4/8 - 3*c**2. Let b(h) be the second derivative of t(h). Calculate b(0).
-5
Suppose -8*c + 31 + 9 = 0. Suppose 0 = 30*s - 35*s - c. Let w(x) = -12*x**3 + 2*x**2 + x. Determine w(s).
13
Let k(m) = -2*m**3 + 3*m**3 + 12 + 0*m**3. Suppose -6*q + q - 45 = 5*x, -2*x - 10 = 0. Let h(j) = -2*j - 8. Let z be h(q). Give k(z).
12
Let m(z) = z**3 - 8*z**2 + 7*z - 3. Suppose v - 3*v + 100 = -4*o, 4*v + 4*o = 152. Let d = v - 35. Let h = d - 0. Give m(h).
-3
Let c(h) = -h**3 - 8*h**2 - 14*h - 5. Let d be c(-6). Let g(a) = a - d + 2 + 0 + a. What is g(4)?
3
Let i(b) = 0 + 1 + 8*b - b. Suppose 3*c - 5 = -2*v, 3*c = v - 6 - 1. Determine i(c).
-6
Let t be (16/5)/(8/40). Let g = 7 - t. Let l = 13 + g. Let v(b) = b + 5. What is v(l)?
9
Suppose 0 = -11*q + 18*q - 21. Let h(l) be the second derivative of 3/2*l**2 + 0 + 1/6*l**4 + 1/3*l**q - l - 1/20*l**5. Determine h(3).
0
Let f(g) = -2*g + 1. Let p(x) = -x**2 + 32*x + 72. Let k be p(34). Determine f(k).
-7
Let m = -35 - -34. Let r be (-2)/6*((-9)/m + -3). Let b(t) = -t**3 - 2*t**2 + 2*t. Calculate b(r).
-4
Let k(t) = t**3 - 5*t**2 + 2*t + 4. Let o(c) = -c**2 - 39*c - 135. Let u be o(-4). Determine k(u).
14
Let v(t) = 2*t**2 + 2. Let m = -1919 - -1921. Give v(m).
10
Let p(s) = s**3 - 5*s**2 - 2*s + 1. Suppose 4*k - 7 = -a + 4, 0 = -k + 5*a - 13. Let m be 20/(-3)*(-6)/k. Suppose -5*n + 5 = -m. Calculate p(n).
-9
Let s(v) = -v**2 + 8*v + 6. Suppose -5*k + 36 = 3*w - 4*w, 3*k = -4*w - 98. Let t = -20 - w. What is s(t)?
18
Let m be (4 + 12/(-9))*(-3)/(-2). Let u(r) = 3*r**3 + 3*r**2 - r + 10. Let b(t) = -4*t**3 - 5*t**2 + 2*t - 15. Let c(a) = 5*b(a) + 7*u(a). What is c(m)?
7
Let l(y) = -y - 9. Let b be 160/(-26) - 2/(-13). What is l(b)?
-3
Let a(x) = -x**2 + 11*x + 1. Let m be (4/(-10))/((-33)/660). Calculate a(m).
25
Let d be 1/3 - (-752)/12. Let q = d - 57. Let j(p) = -p + 9. Calculate j(q).
3
Let m(g) = 6*g**2 + 4 + g**3 - 179*g + 183*g + 0. What is m(-4)?
20
Let f(q) = 10*q - 6. Let w(g) = -7*g + 5. Let r(p) = 4*f(p) + 5*w(p). Determine r(-1).
-4
Let x = -49 + 49. Let s be 14 - 13 - (-1 + x). Let m(k) = -3*k**3 + 4*k**2 - 4*k + 3. What is m(s)?
-13
Suppose 27*n - 29*n = -y + 24, 5*n + y = -46. Let l(x) = -x**2 - 8*x + 11. Calculate l(n).
-9
Let o(l) be the second derivative of -l**5/20 - l**4/12 + 2*l**3/3 + 2*l**2 + 10*l + 20. Determine o(3).
-20
Let o(z) = 2*z + 22. Suppose -2*p = -8*q + 3*q + 30, 4*p = -3*q - 60. What is o(p)?
-8
Suppose 3 = -6*x + 15. Suppose 0 = x*q - 19 + 5. Let t(l) = l**3 - 7*l**2. Give t(q).
0
Let l(p) = 2*p**2. Let z(a) = 8*a**2 + 2*a - 1. Let o(w) = -3*l(w) + z(w). Determine o(-2).
3
Suppose -2*b = -2*l + 30, -2*l + 51 = 2*l + 5*b. Let y(n) = -2 + 5 - 2*n + 3 + l*n**2 - 5. Calculate y(1).
13
Suppose 17*n + n + 126 = 0. Let h = 2 + 1. Let s(b) = b + h - 5 + 6. Calculate s(n).
-3
Let r(c) = c**2 - 10*c - 2. Let x be r(12). Let m be (1*2)/(x/77). Let l(k) = -2*k**3 + 7 + 7*k - 2 + k**3 + 2*k**3 - 8*k**2. Calculate l(m).
5
Let u(p) = 45 - 30 - 812*p + 801*p. Calculate u(2).
-7
Let t(l) = -4*l**2 + 14*l + 20. Let i(a) = a**2 - 5*a - 7. Let g(x) = 7*i(x) + 2*t(x). Let p be g(-6). Let w(h) = 2 - 2*h + 4*h - h. Calculate w(p).
-1
Let s(i) = -2*i + 3. Let c(q) = -3*q + 5. Let t(w) = 5*c(w) - 8*s(w). Calculate t(-2).
-1
Let a = -8 - -12. Suppose 3*g - a*z = -52, 0*g - z - 31 = 2*g. Let w = 13 + g. Let f(j) = -j**2 - 3*j - 1. Give f(w).
-1
Suppose -4*d = 3*u + 58, -5*u - d = -4*d + 58. Let y(z) = z**2 + 12*z - 6. Calculate y(u).
22
Let y(r) be the first derivative of -r**7/840 + r**6/72 + r**5/24 + r**4/24 - 25*r**3/3 + 31. Let n(o) be the third derivative of y(o). What is n(6)?
-5
Suppose -60 = 4*i + 5*y, -3*y - y = -16. Let j be i/3 - (-44)/(-33). Let o(m) = m**3 + 7*m**2 - 9*m - 3. What is o(j)?
5
Let s(l) = 3*l + 5. Let f be ((-6)/5)/((-21)/35). Suppose 0 = 4*b - 3*u + 5, -18 - 12 = 4*b + f*u. Give s(b).
-10
Suppose 0 = 4*p + 2*y - 26, -5*y - 11 = 3*p - 13. Let g(z) = z**2 - 10*z + 10. Determine g(p).
1
Let s(w) be the second derivative of -w**5/20 - w**4/12 - 3*w**2/2 + 2*w. Suppose -3*x + 20 = 4*d, 5*x = -4*d + 45 - 25. Determine s(x).
-3
Let u(h) = h**2 + 6*h - 2. Suppose -182*r + 32 = -186*r. What is u(r)?
14
Let b(p) = p**2 + 5*p - 7. Let u(a) = -2*a**2 + 17*a - 13. Let l be u(8). Determine b(l).
-7
Let t(a) = a**2 + a + 1. Let c(x) = -11*x**2 - 3*x - 4